Let p be x(13). Let f be p/(-4)*(3 - 153/27). Give i(f).
-4
Suppose 0 = z - 6*z - 10. Let x(l) = -3*l - 1. Let m be x(z). Let w(d) = 1 - 648*d + 1303*d - 653*d. Calculate w(m).
11
Let j(v) = -3*v - 29. Let y = -1540 + 1525. Give j(y).
16
Let c(h) be the first derivative of -h**6/120 + 11*h**5/60 - 5*h**4/12 - h**3/3 + 51*h**2 + 94. Let o(v) be the second derivative of c(v). Determine o(10).
-2
Let z(w) = 16*w + 36*w + 35*w - 72*w - 112. Give z(7).
-7
Let d(z) be the second derivative of -z**4/12 + 2*z**3/3 + z**2/2 - 2*z. Suppose 8*a - 13*a + 20 = 0. Let p be (0 + -6)*(-1 - a/(-8)). Give d(p).
4
Suppose -10 = -5*d + 3*d, -4*i + d = -15. Let z(r) be the third derivative of -r**5/60 + 5*r**4/24 + 7*r**3/6 - 41*r**2 - 4*r. What is z(i)?
7
Let z(t) be the first derivative of -5*t**2/2 - 9*t - 1. Let i(q) = q - 1. Let b(w) = -6*i(w) - z(w). Let v be -2*(-32 - (-2200)/80). Give b(v).
6
Let d(z) = 3*z + 33. Let t(l) = -13*l - 98. Let n(s) = -7*d(s) - 2*t(s). What is n(7)?
0
Suppose n + 0*h - 1 = -2*h, -8 = -4*h. Let z(q) be the first derivative of q**3/3 + q**2 - 5*q + 20. Determine z(n).
-2
Let w(r) = 7*r + 22*r**2 - 20*r - 9*r - 21*r**2 - 18. Let j be w(23). Let s(y) = -y**2 + 8*y - 3. What is s(j)?
12
Let t(f) = -33*f**3 + 16*f**2 - 92*f + 25. Let q(w) = -50*w**3 + 17*w**2 - 91*w + 26. Let n(u) = 2*q(u) - 3*t(u). Determine n(-19).
-4
Let j(b) = -22*b**2 - 53*b + 26. Let r(x) = 7*x**2 + 17*x - 8. Let h(n) = -6*j(n) - 19*r(n). Determine h(-3).
2
Let b(g) = 3*g + 7. Let j(o) = 5*o + 10. Let v be j(0). Suppose -v = 4*w + 14. Give b(w).
-11
Suppose -35 - 966 = -13*n. Suppose -5*p - 11 + n = -3*a, -5*a + 14 = 2*p. Let x = -12 + p. Let k(q) = -q**3 + q**2 - q + 8. Determine k(x).
8
Let k(t) = -7 - 37*t**2 + t + 3*t + 80*t**2 - 42*t**2. Suppose j = -0*j - 5. What is k(j)?
-2
Let w(f) = 7*f - 110. Let v be w(16). Suppose -v*z - 4 = -10. Let l(a) = -a**3 + 3*a**2 + 3*a + 3. Give l(z).
12
Let s(q) = -q - 9. Let j(x) = 3*x - 9. Let b be j(3). Suppose 0 = -2*o - 4*k + 6, 0 = -5*o - b*k + 5*k - 60. Give s(o).
-2
Let y(h) = h + 2. Let z(k) = -k + 2. Let v be (2/(-5))/(11*(-6)/(-330)). Let j(g) = v*z(g) - y(g). Let q = -2 + 10. What is j(q)?
2
Let h(v) be the third derivative of v**6/720 + v**5/20 - v**4/6 - 4*v**3/3 - 38*v**2. Let f(a) be the second derivative of h(a). Give f(-6).
0
Let w(h) = 9*h + h**2 - 100 + 103 + 1. Determine w(-9).
4
Suppose 5*f + 8 = 7*f - 5*x, 5*f - 20 = -3*x. Suppose 0 = 16*n - 12*n - f. Let w(u) = -14*u + 1. Give w(n).
-13
Let o = 60 - 55. Suppose -4*y + o = -15. Let m(w) = 6*w - 5 + y*w - 15*w + 2. Give m(-3).
9
Let q(y) = -y**3 - 4*y**2 + y + 6. Let b be q(-4). Let v(f) = 0*f**b + 2*f**2 - 3*f**2 + 4*f + 10 - 3. What is v(6)?
-5
Let c(t) = -81 + 138 - 58 + 4*t. Let k(z) = -9*z + 4. Let i(g) = -5*c(g) - 2*k(g). What is i(-2)?
1
Suppose 556 = 138*s - 580 + 308. Let i(r) = -24*r + 48. What is i(s)?
-96
Let a be ((-6)/(-16))/((-192)/1536). Let h(r) = 31*r + 91. Give h(a).
-2
Let s be 11/((-165)/30)*-1. Let h(r) be the first derivative of 0*r - s - 4*r**2 + 1/4*r**4 + 5/3*r**3. Give h(-6).
12
Let s(g) = 4*g + 45. Suppose -3*n + 2*t - 47 = 0, -5*n + 77 - 122 = 5*t. What is s(n)?
-7
Let h(k) = 48*k + 74*k**2 - 288*k**2 - 2 + 91*k**2 + k**3 + 104*k**2. Determine h(16).
-2
Let f(w) be the first derivative of -w**4/4 + 2*w**3/3 + w**2 - 3*w + 2804. Determine f(0).
-3
Let h(d) = -d + 18. Let q(v) = v**3 - v**2 - 5*v + 3 + 3*v**2 - 9. Let y be q(-3). Suppose -2*m + 5*m = y. Calculate h(m).
18
Let u(b) be the third derivative of b**5/60 - 7*b**4/12 + b**3/2 + 7363*b**2. Determine u(16).
35
Suppose 5*h = -4*k - 8, 5*k - 17*h + 22*h = -5. Let d(o) be the third derivative of o**6/120 - o**5/30 - o**3 - 6*o**2. What is d(k)?
3
Let i(x) = -x**2 - x - 7. Let g(a) = 3*a + a - 3*a - 1 + 5 + 5*a**2. Let j be g(-3). Let l = j - 46. Determine i(l).
-7
Suppose 4*b - 2*a + 430 = 0, 202 = 4*b + a + 647. Let o = b - -109. Let h(k) = -6 + 2 - 7*k + 3. Determine h(o).
6
Let p(q) = -309*q**2 + 308*q**2 - 6*q + 18 - 16. What is p(-4)?
10
Let t be 3/((-9)/(-6)) + 2. Suppose 0*p + t*p - 8 = 0. Suppose -2*q - 12 = -2*h, 2*q + p*h = -0*h + 4. Let v(f) = 9*f + 3. Give v(q).
-15
Let i(j) = 6*j**2 - 4599 + 4566 - 11*j - j - 61*j**2 - 6*j**3. Calculate i(-9).
-6
Suppose 4*u + 12 = -2*j, 4*j + 24 = -336*u + 332*u. Let f(t) = t**3 + t**2 - 21. Give f(u).
-21
Let h(q) be the second derivative of -7*q**3/3 - 71*q**2/2 - 2*q - 364. Determine h(-5).
-1
Let p(t) = t**3 - 26*t**2 + 70*t - 53. Let x be 803/35 + 114/1995. Determine p(x).
-30
Let h(y) be the first derivative of -y**4/4 + 3*y**3 - 3*y**2/2 - 12*y - 3037. Give h(8).
28
Let i(v) be the first derivative of -5*v**3/3 + 5*v**2/2 + 7*v + 1424. What is i(-2)?
-23
Suppose -5 = y + 4*b, -2*b + 45 = 22*y - 19*y. Let m(n) = -n**2 + 22*n - 35. Calculate m(y).
22
Let u(n) = n**3 - 4*n**2 + 3*n + 3. Suppose 12 = -y - 46. Let w = -76 - y. Let t be -1*2*(w/4 + 3). Calculate u(t).
3
Let x(s) = 37*s + 150. Let v(n) = -20*n - 73. Let a(c) = -5*v(c) - 2*x(c). What is a(-3)?
-13
Let g(s) be the first derivative of 5*s**3/3 + 3*s**2/2 - 3*s + 5592. Determine g(1).
5
Let h(a) = 3*a**3 + 5*a**2 + 3*a - 2. Suppose -44*s = -7*s - 1702. Suppose 21*r = -2*r - s. What is h(r)?
-12
Suppose 2*a + c = 3, 3*a - 22 = -6*c + 8*c. Suppose -3*u = a*g + 6 - 19, 0 = 5*u - 5*g - 10. Let p(k) = -4*k - 148 + 148 + k**2. What is p(u)?
-3
Let l(j) = -13*j - 4*j - 8*j - 7 + 16*j. Give l(-6).
47
Let z = 36 - 26. Let a(t) = -t**2 - 2 - 3 + z*t**2 + 4 - 2*t. Let j = 972 + -973. Give a(j).
10
Suppose -2*n = -2*w + 14, w + 2*n + n = 3. Suppose -w = 25*j - 19*j. Let z(v) be the third derivative of -v**5/4 + v**4/24 - v**2. Give z(j).
-16
Let w(h) = 29*h - 722. Let v be w(25). Let n(u) = 3*u**3 + 4*u**2 - 5*u + 2. What is n(v)?
104
Let v(w) = 3*w + 2. Let h(n) = 14 + 11*n - 11 + 3. Let y(p) = -4*h(p) + 14*v(p). Determine y(6).
-8
Suppose 80*r - 86*r + 126 = 0. Let s(a) = -8*a + 4*a**2 - 3*a**2 + r - 2*a - 9 - 3*a. Suppose -3*k + w + 40 = -3*w, -w - 49 = -4*k. Calculate s(k).
0
Let x(o) = o + 3. Let r be (-18)/2 + (-2 - (4 + -10)). Let n(t) = t + 2. Let p(w) = r*n(w) + 6*x(w). Calculate p(-8).
0
Let f(l) be the second derivative of -l**4/12 + 7*l**3/6 - 6*l**2 - 1252*l. Determine f(8).
-20
Let v = 8 + -10. Let j be (-13)/((-13)/6) - v. Let y(k) = -k. Let o(c) = 2*c + 1. Let x(p) = 4*o(p) + 9*y(p). Give x(j).
-4
Let f(i) be the third derivative of -i**5/60 - 5*i**4/24 + 7*i**3/2 + 404*i**2 - 2. Calculate f(-9).
-15
Let l(x) = -5*x**2 + 15*x - 13. Let s(h) = -4*h**2 + 14*h - 12. Let u(m) = -5*l(m) + 6*s(m). Let p = 399 - 408. Determine u(p).
-7
Let v(a) = a + 14. Suppose 262*k = 245*k - 119. Determine v(k).
7
Let x(m) be the first derivative of m**4/4 + 5*m**3/3 - 2*m**2 - 156. Determine x(-6).
-12
Let c(w) = 6617710 - 6617716 + 4*w + 6*w**2 + 3*w**2 - w**3. Determine c(9).
30
Let n(f) = -6*f**3 + 5*f**2 - f - 7. Let p(y) = y**2 + 7*y**2 - 7*y**3 - 10*y**2 - y - 5 + 6*y**2. Let h(x) = 3*n(x) - 4*p(x). Determine h(1).
9
Let n(s) = 2*s**3 - 5*s**2 - 2*s - 5. Suppose b - 2*z - 10 = -19, 3*b - 4*z + 15 = 0. What is n(b)?
-2
Let j(w) = -56*w + 195. Let z be j(4). Let k(l) = l**3 + 29*l**2 + 7*l + 206. Calculate k(z).
3
Let p(d) = -1. Let c(r) = -r + 4. Let f(q) = -c(q) - 6*p(q). Let z = 2056 + -2050. Determine f(z).
8
Suppose -b = 3*b + p - 9, -5*b - 5*p + 15 = 0. Let z(n) = -4*n + 35*n**2 + 32*n**b + 2 - 64*n**2 + n. Calculate z(2).
8
Let d be ((-1)/3)/((-1)/18). Let a = -57 - -60. Let s(y) = a*y**2 + 5*y**2 + 0 + 0 - y**3 - 9*y. Calculate s(d).
18
Let m(o) = 3*o**2 + 4*o + 3. Let k be (-48)/(-36)*-1*45/6. Let n(y) = -2*y + 0 + 58 + 0*y + 8*y. Let x be n(k). Determine m(x).
7
Let b = -16 - -10. Let z(x) be the third derivative of x**4/12 + 3*x**3/2 + 3*x**2 + 1561. Give z(b).
-3
Let j(c) = -7*c**2 - 18*c - 8. Let o(b) = 40*b**2 + 92*b + 41. Let a(v) = -11*j(v) - 2*o(v). Give a(6).
-18
Let r(c) = 333 - 168 + c - 158. Give r(-1).
6
Let x(i) = -13*i**3 - 22*i**2 + 3*i - 8. Let m(c) = -2*c**3 + c**2 + 2*c - 1. Let g(l) = -4*m(l) + x(l). Give g(-5).
-4
Let z(s) = -2*s**2 - 2*s - 1. Let j(k) be the first derivative of 3*k**4/4 - k**2 + 2*k - 13. Let c be j(1). Suppose -8*g + c*g - 15 = 0. Determine z(g).
-13
Suppose -33*i - 36 - 247 - 80 = 0. Let x(j) = 19*j + 20. Calculate x(